{"version":"1.0","provider_name":"Les Petits Livres","provider_url":"https:\/\/smallthings.fr\/lespetitslivres","author_name":"Claire","author_url":"https:\/\/smallthings.fr\/lespetitslivres\/author\/claire\/","title":"Sans elle, le polar d'Am\u00e9lie Antoine en livre audio - Les Petits Livres","type":"rich","width":600,"height":338,"html":"<blockquote class=\"wp-embedded-content\" data-secret=\"NOFEQDj8Cv\"><a href=\"https:\/\/smallthings.fr\/lespetitslivres\/2018\/06\/07\/sans-elle-amelie-antoine-livre-audio\/\">Sans elle, le polar d&rsquo;Am\u00e9lie Antoine en livre audio<\/a><\/blockquote><iframe sandbox=\"allow-scripts\" security=\"restricted\" src=\"https:\/\/smallthings.fr\/lespetitslivres\/2018\/06\/07\/sans-elle-amelie-antoine-livre-audio\/embed\/#?secret=NOFEQDj8Cv\" width=\"600\" height=\"338\" title=\"\u00ab\u00a0Sans elle, le polar d&rsquo;Am\u00e9lie Antoine en livre audio\u00a0\u00bb &#8212; Les Petits Livres\" data-secret=\"NOFEQDj8Cv\" frameborder=\"0\" marginwidth=\"0\" marginheight=\"0\" scrolling=\"no\" class=\"wp-embedded-content\"><\/iframe><script type=\"text\/javascript\">\n\/* <![CDATA[ *\/\n\/*! This file is auto-generated *\/\n!function(d,l){\"use strict\";l.querySelector&&d.addEventListener&&\"undefined\"!=typeof URL&&(d.wp=d.wp||{},d.wp.receiveEmbedMessage||(d.wp.receiveEmbedMessage=function(e){var t=e.data;if((t||t.secret||t.message||t.value)&&!\/[^a-zA-Z0-9]\/.test(t.secret)){for(var s,r,n,a=l.querySelectorAll('iframe[data-secret=\"'+t.secret+'\"]'),o=l.querySelectorAll('blockquote[data-secret=\"'+t.secret+'\"]'),c=new RegExp(\"^https?:$\",\"i\"),i=0;i<o.length;i++)o[i].style.display=\"none\";for(i=0;i<a.length;i++)s=a[i],e.source===s.contentWindow&&(s.removeAttribute(\"style\"),\"height\"===t.message?(1e3<(r=parseInt(t.value,10))?r=1e3:~~r<200&&(r=200),s.height=r):\"link\"===t.message&&(r=new URL(s.getAttribute(\"src\")),n=new URL(t.value),c.test(n.protocol))&&n.host===r.host&&l.activeElement===s&&(d.top.location.href=t.value))}},d.addEventListener(\"message\",d.wp.receiveEmbedMessage,!1),l.addEventListener(\"DOMContentLoaded\",function(){for(var e,t,s=l.querySelectorAll(\"iframe.wp-embedded-content\"),r=0;r<s.length;r++)(t=(e=s[r]).getAttribute(\"data-secret\"))||(t=Math.random().toString(36).substring(2,12),e.src+=\"#?secret=\"+t,e.setAttribute(\"data-secret\",t)),e.contentWindow.postMessage({message:\"ready\",secret:t},\"*\")},!1)))}(window,document);\n\/* ]]> *\/\n<\/script>\n","thumbnail_url":"https:\/\/i0.wp.com\/smallthings.fr\/lespetitslivres\/wp-content\/uploads\/2018\/06\/sans-elle-couv.jpg?fit=1280%2C647","thumbnail_width":1280,"thumbnail_height":647,"description":"Je sors d'une bulle, apr\u00e8s des heures d'\u00e9coute du livre audio Sans elle, le roman d'Am\u00e9lie Antoine. Une bulle un peu \u00e0 part. Pendant tout ce temps, j'ai aim\u00e9 prendre les transports en commun. Incroyable mais vrai. J'avais envie de mettre mon casque et de conna\u00eetre la suite."}

Sans elle, le polar d'Amélie Antoine en livre audio - Les Petits Livres

<blockquote class="wp-embedded-content" data-secret="NOFEQDj8Cv"><a href="https://smallthings.fr/lespetitslivres/2018/06/07/sans-elle-amelie-antoine-livre-audio/">Sans elle, le polar d&rsquo;Amélie Antoine en livre audio</a></blockquote><iframe sandbox="allow-scripts" security="restricted" src="https://smallthings.fr/lespetitslivres/2018/06/07/sans-elle-amelie-antoine-livre-audio/embed/#?secret=NOFEQDj8Cv" width="600" height="338" title="« Sans elle, le polar d&rsquo;Amélie Antoine en livre audio » &#8212; Les Petits Livres" data-secret="NOFEQDj8Cv" frameborder="0" marginwidth="0" marginheight="0" scrolling="no" class="wp-embedded-content"></iframe><script type="text/javascript">
/* <![CDATA[ */
/*! This file is auto-generated */
!function(d,l){"use strict";l.querySelector&&d.addEventListener&&"undefined"!=typeof URL&&(d.wp=d.wp||{},d.wp.receiveEmbedMessage||(d.wp.receiveEmbedMessage=function(e){var t=e.data;if((t||t.secret||t.message||t.value)&&!/[^a-zA-Z0-9]/.test(t.secret)){for(var s,r,n,a=l.querySelectorAll('iframe[data-secret="'+t.secret+'"]'),o=l.querySelectorAll('blockquote[data-secret="'+t.secret+'"]'),c=new RegExp("^https?:$","i"),i=0;i<o.length;i++)o[i].style.display="none";for(i=0;i<a.length;i++)s=a[i],e.source===s.contentWindow&&(s.removeAttribute("style"),"height"===t.message?(1e3<(r=parseInt(t.value,10))?r=1e3:~~r<200&&(r=200),s.height=r):"link"===t.message&&(r=new URL(s.getAttribute("src")),n=new URL(t.value),c.test(n.protocol))&&n.host===r.host&&l.activeElement===s&&(d.top.location.href=t.value))}},d.addEventListener("message",d.wp.receiveEmbedMessage,!1),l.addEventListener("DOMContentLoaded",function(){for(var e,t,s=l.querySelectorAll("iframe.wp-embedded-content"),r=0;r<s.length;r++)(t=(e=s[r]).getAttribute("data-secret"))||(t=Math.random().toString(36).substring(2,12),e.src+="#?secret="+t,e.setAttribute("data-secret",t)),e.contentWindow.postMessage({message:"ready",secret:t},"*")},!1)))}(window,document);
/* ]]> */
</script>

Je sors d'une bulle, après des heures d'écoute du livre audio Sans elle, le roman d'Amélie Antoine. Une bulle un peu à part. Pendant tout ce temps, j'ai aimé prendre les transports en commun. Incroyable mais vrai. J'avais envie de mettre mon casque et de connaître la suite.
