{"version":"1.0","provider_name":"Les Petits Livres","provider_url":"https:\/\/smallthings.fr\/lespetitslivres","author_name":"Claire","author_url":"https:\/\/smallthings.fr\/lespetitslivres\/author\/claire\/","title":"Le lambeau, quand Philippe Lan\u00e7on raconte...","type":"rich","width":600,"height":338,"html":"<blockquote class=\"wp-embedded-content\" data-secret=\"bg1EESkYIZ\"><a href=\"https:\/\/smallthings.fr\/lespetitslivres\/2018\/05\/13\/le-lambeau-philippe-lancon-raconte\/\">Le lambeau, quand Philippe Lan\u00e7on raconte&#8230;<\/a><\/blockquote><iframe sandbox=\"allow-scripts\" security=\"restricted\" src=\"https:\/\/smallthings.fr\/lespetitslivres\/2018\/05\/13\/le-lambeau-philippe-lancon-raconte\/embed\/#?secret=bg1EESkYIZ\" width=\"600\" height=\"338\" title=\"\u00ab\u00a0Le lambeau, quand Philippe Lan\u00e7on raconte&#8230;\u00a0\u00bb &#8212; Les Petits Livres\" data-secret=\"bg1EESkYIZ\" frameborder=\"0\" marginwidth=\"0\" marginheight=\"0\" scrolling=\"no\" class=\"wp-embedded-content\"><\/iframe><script type=\"text\/javascript\">\n\/* <![CDATA[ *\/\n\/*! This file is auto-generated *\/\n!function(d,l){\"use strict\";l.querySelector&&d.addEventListener&&\"undefined\"!=typeof URL&&(d.wp=d.wp||{},d.wp.receiveEmbedMessage||(d.wp.receiveEmbedMessage=function(e){var t=e.data;if((t||t.secret||t.message||t.value)&&!\/[^a-zA-Z0-9]\/.test(t.secret)){for(var s,r,n,a=l.querySelectorAll('iframe[data-secret=\"'+t.secret+'\"]'),o=l.querySelectorAll('blockquote[data-secret=\"'+t.secret+'\"]'),c=new RegExp(\"^https?:$\",\"i\"),i=0;i<o.length;i++)o[i].style.display=\"none\";for(i=0;i<a.length;i++)s=a[i],e.source===s.contentWindow&&(s.removeAttribute(\"style\"),\"height\"===t.message?(1e3<(r=parseInt(t.value,10))?r=1e3:~~r<200&&(r=200),s.height=r):\"link\"===t.message&&(r=new URL(s.getAttribute(\"src\")),n=new URL(t.value),c.test(n.protocol))&&n.host===r.host&&l.activeElement===s&&(d.top.location.href=t.value))}},d.addEventListener(\"message\",d.wp.receiveEmbedMessage,!1),l.addEventListener(\"DOMContentLoaded\",function(){for(var e,t,s=l.querySelectorAll(\"iframe.wp-embedded-content\"),r=0;r<s.length;r++)(t=(e=s[r]).getAttribute(\"data-secret\"))||(t=Math.random().toString(36).substring(2,12),e.src+=\"#?secret=\"+t,e.setAttribute(\"data-secret\",t)),e.contentWindow.postMessage({message:\"ready\",secret:t},\"*\")},!1)))}(window,document);\n\/* ]]> *\/\n<\/script>\n","thumbnail_url":"https:\/\/i0.wp.com\/smallthings.fr\/lespetitslivres\/wp-content\/uploads\/2018\/05\/lambeau-lancon-cover.jpg?fit=1000%2C625","thumbnail_width":1000,"thumbnail_height":625,"description":"Le lambeau est le roman t\u00e9moignage de Philippe Lan\u00e7on, journaliste gravement bless\u00e9 lors de l'attentat \u00e0 la r\u00e9daction de Charlie Hebdo, le 7 janvier 2015. Il y raconte l'attentat, bien s\u00fbr, mais surtout son calvaire ensuite. Son s\u00e9jour interminable \u00e0 l'h\u00f4pital, les op\u00e9rations,"}

Le lambeau, quand Philippe Lançon raconte...

<blockquote class="wp-embedded-content" data-secret="bg1EESkYIZ"><a href="https://smallthings.fr/lespetitslivres/2018/05/13/le-lambeau-philippe-lancon-raconte/">Le lambeau, quand Philippe Lançon raconte&#8230;</a></blockquote><iframe sandbox="allow-scripts" security="restricted" src="https://smallthings.fr/lespetitslivres/2018/05/13/le-lambeau-philippe-lancon-raconte/embed/#?secret=bg1EESkYIZ" width="600" height="338" title="« Le lambeau, quand Philippe Lançon raconte&#8230; » &#8212; Les Petits Livres" data-secret="bg1EESkYIZ" frameborder="0" marginwidth="0" marginheight="0" scrolling="no" class="wp-embedded-content"></iframe><script type="text/javascript">
/* <![CDATA[ */
/*! This file is auto-generated */
!function(d,l){"use strict";l.querySelector&&d.addEventListener&&"undefined"!=typeof URL&&(d.wp=d.wp||{},d.wp.receiveEmbedMessage||(d.wp.receiveEmbedMessage=function(e){var t=e.data;if((t||t.secret||t.message||t.value)&&!/[^a-zA-Z0-9]/.test(t.secret)){for(var s,r,n,a=l.querySelectorAll('iframe[data-secret="'+t.secret+'"]'),o=l.querySelectorAll('blockquote[data-secret="'+t.secret+'"]'),c=new RegExp("^https?:$","i"),i=0;i<o.length;i++)o[i].style.display="none";for(i=0;i<a.length;i++)s=a[i],e.source===s.contentWindow&&(s.removeAttribute("style"),"height"===t.message?(1e3<(r=parseInt(t.value,10))?r=1e3:~~r<200&&(r=200),s.height=r):"link"===t.message&&(r=new URL(s.getAttribute("src")),n=new URL(t.value),c.test(n.protocol))&&n.host===r.host&&l.activeElement===s&&(d.top.location.href=t.value))}},d.addEventListener("message",d.wp.receiveEmbedMessage,!1),l.addEventListener("DOMContentLoaded",function(){for(var e,t,s=l.querySelectorAll("iframe.wp-embedded-content"),r=0;r<s.length;r++)(t=(e=s[r]).getAttribute("data-secret"))||(t=Math.random().toString(36).substring(2,12),e.src+="#?secret="+t,e.setAttribute("data-secret",t)),e.contentWindow.postMessage({message:"ready",secret:t},"*")},!1)))}(window,document);
/* ]]> */
</script>

Le lambeau est le roman témoignage de Philippe Lançon, journaliste gravement blessé lors de l'attentat à la rédaction de Charlie Hebdo, le 7 janvier 2015. Il y raconte l'attentat, bien sûr, mais surtout son calvaire ensuite. Son séjour interminable à l'hôpital, les opérations,
