{"version":"1.0","provider_name":"Les Petits Livres","provider_url":"https:\/\/smallthings.fr\/lespetitslivres","author_name":"Claire","author_url":"https:\/\/smallthings.fr\/lespetitslivres\/author\/claire\/","title":"Fabrice Colin - Ta mort sera la mienne - Les Petits Livres","type":"rich","width":600,"height":338,"html":"<blockquote class=\"wp-embedded-content\" data-secret=\"X7ntH8oNuU\"><a href=\"https:\/\/smallthings.fr\/lespetitslivres\/2013\/04\/11\/fabrice-colin-ta-mort-sera-la-mienne\/\">Fabrice Colin &#8211; Ta mort sera la mienne<\/a><\/blockquote><iframe sandbox=\"allow-scripts\" security=\"restricted\" src=\"https:\/\/smallthings.fr\/lespetitslivres\/2013\/04\/11\/fabrice-colin-ta-mort-sera-la-mienne\/embed\/#?secret=X7ntH8oNuU\" width=\"600\" height=\"338\" title=\"\u00ab\u00a0Fabrice Colin &#8211; Ta mort sera la mienne\u00a0\u00bb &#8212; Les Petits Livres\" data-secret=\"X7ntH8oNuU\" frameborder=\"0\" marginwidth=\"0\" marginheight=\"0\" scrolling=\"no\" class=\"wp-embedded-content\"><\/iframe><script type=\"text\/javascript\">\n\/* <![CDATA[ *\/\n\/*! This file is auto-generated *\/\n!function(d,l){\"use strict\";l.querySelector&&d.addEventListener&&\"undefined\"!=typeof URL&&(d.wp=d.wp||{},d.wp.receiveEmbedMessage||(d.wp.receiveEmbedMessage=function(e){var t=e.data;if((t||t.secret||t.message||t.value)&&!\/[^a-zA-Z0-9]\/.test(t.secret)){for(var s,r,n,a=l.querySelectorAll('iframe[data-secret=\"'+t.secret+'\"]'),o=l.querySelectorAll('blockquote[data-secret=\"'+t.secret+'\"]'),c=new RegExp(\"^https?:$\",\"i\"),i=0;i<o.length;i++)o[i].style.display=\"none\";for(i=0;i<a.length;i++)s=a[i],e.source===s.contentWindow&&(s.removeAttribute(\"style\"),\"height\"===t.message?(1e3<(r=parseInt(t.value,10))?r=1e3:~~r<200&&(r=200),s.height=r):\"link\"===t.message&&(r=new URL(s.getAttribute(\"src\")),n=new URL(t.value),c.test(n.protocol))&&n.host===r.host&&l.activeElement===s&&(d.top.location.href=t.value))}},d.addEventListener(\"message\",d.wp.receiveEmbedMessage,!1),l.addEventListener(\"DOMContentLoaded\",function(){for(var e,t,s=l.querySelectorAll(\"iframe.wp-embedded-content\"),r=0;r<s.length;r++)(t=(e=s[r]).getAttribute(\"data-secret\"))||(t=Math.random().toString(36).substring(2,12),e.src+=\"#?secret=\"+t,e.setAttribute(\"data-secret\",t)),e.contentWindow.postMessage({message:\"ready\",secret:t},\"*\")},!1)))}(window,document);\n\/* ]]> *\/\n<\/script>\n","thumbnail_url":null,"thumbnail_width":null,"thumbnail_height":null,"description":"\"Ta mort sera la mienne\" est le deuxi\u00e8me polar de Fabrice Colin publi\u00e9 chez Sonatines. L'auteur choisit le paysage de l'Utah pour nous livrer sa vision de la d\u00e9gringolade du r\u00eave am\u00e9ricain."}

"Ta mort sera la mienne" est le deuxième polar de Fabrice Colin publié chez Sonatines. L'auteur choisit le paysage de l'Utah pour nous livrer sa vision de la dégringolade du rêve américain.
