{"version":"1.0","provider_name":"Les Petits Livres","provider_url":"https:\/\/smallthings.fr\/lespetitslivres","author_name":"Claire","author_url":"https:\/\/smallthings.fr\/lespetitslivres\/author\/claire\/","title":"Patrice Leconte - Le gar\u00e7on qui n'existait pas - Les Petits Livres","type":"rich","width":600,"height":338,"html":"<blockquote class=\"wp-embedded-content\" data-secret=\"Bvqm71pPk6\"><a href=\"https:\/\/smallthings.fr\/lespetitslivres\/2013\/04\/04\/leconte-garcon-qui-nexistait-pas\/\">Patrice Leconte &#8211; Le gar\u00e7on qui n&rsquo;existait pas<\/a><\/blockquote><iframe sandbox=\"allow-scripts\" security=\"restricted\" src=\"https:\/\/smallthings.fr\/lespetitslivres\/2013\/04\/04\/leconte-garcon-qui-nexistait-pas\/embed\/#?secret=Bvqm71pPk6\" width=\"600\" height=\"338\" title=\"\u00ab\u00a0Patrice Leconte &#8211; Le gar\u00e7on qui n&rsquo;existait pas\u00a0\u00bb &#8212; Les Petits Livres\" data-secret=\"Bvqm71pPk6\" frameborder=\"0\" marginwidth=\"0\" marginheight=\"0\" scrolling=\"no\" class=\"wp-embedded-content\"><\/iframe><script type=\"text\/javascript\">\n\/* <![CDATA[ *\/\n\/*! This file is auto-generated *\/\n!function(d,l){\"use strict\";l.querySelector&&d.addEventListener&&\"undefined\"!=typeof URL&&(d.wp=d.wp||{},d.wp.receiveEmbedMessage||(d.wp.receiveEmbedMessage=function(e){var t=e.data;if((t||t.secret||t.message||t.value)&&!\/[^a-zA-Z0-9]\/.test(t.secret)){for(var s,r,n,a=l.querySelectorAll('iframe[data-secret=\"'+t.secret+'\"]'),o=l.querySelectorAll('blockquote[data-secret=\"'+t.secret+'\"]'),c=new RegExp(\"^https?:$\",\"i\"),i=0;i<o.length;i++)o[i].style.display=\"none\";for(i=0;i<a.length;i++)s=a[i],e.source===s.contentWindow&&(s.removeAttribute(\"style\"),\"height\"===t.message?(1e3<(r=parseInt(t.value,10))?r=1e3:~~r<200&&(r=200),s.height=r):\"link\"===t.message&&(r=new URL(s.getAttribute(\"src\")),n=new URL(t.value),c.test(n.protocol))&&n.host===r.host&&l.activeElement===s&&(d.top.location.href=t.value))}},d.addEventListener(\"message\",d.wp.receiveEmbedMessage,!1),l.addEventListener(\"DOMContentLoaded\",function(){for(var e,t,s=l.querySelectorAll(\"iframe.wp-embedded-content\"),r=0;r<s.length;r++)(t=(e=s[r]).getAttribute(\"data-secret\"))||(t=Math.random().toString(36).substring(2,12),e.src+=\"#?secret=\"+t,e.setAttribute(\"data-secret\",t)),e.contentWindow.postMessage({message:\"ready\",secret:t},\"*\")},!1)))}(window,document);\n\/* ]]> *\/\n<\/script>\n","thumbnail_url":null,"thumbnail_width":null,"thumbnail_height":null,"description":"Aujourd'hui para\u00eet le nouveau roman du r\u00e9alisateur Patrice Leconte. Apr\u00e8s \"Les femmes aux cheveux courts\" (2009) et \"Riva Bella\" (2011), il publie son troisi\u00e8me, avec la po\u00e9sie, la sensibilit\u00e9 et l'humour qui le caract\u00e9risent."}

Patrice Leconte - Le garçon qui n'existait pas - Les Petits Livres

<blockquote class="wp-embedded-content" data-secret="Bvqm71pPk6"><a href="https://smallthings.fr/lespetitslivres/2013/04/04/leconte-garcon-qui-nexistait-pas/">Patrice Leconte &#8211; Le garçon qui n&rsquo;existait pas</a></blockquote><iframe sandbox="allow-scripts" security="restricted" src="https://smallthings.fr/lespetitslivres/2013/04/04/leconte-garcon-qui-nexistait-pas/embed/#?secret=Bvqm71pPk6" width="600" height="338" title="« Patrice Leconte &#8211; Le garçon qui n&rsquo;existait pas » &#8212; Les Petits Livres" data-secret="Bvqm71pPk6" frameborder="0" marginwidth="0" marginheight="0" scrolling="no" class="wp-embedded-content"></iframe><script type="text/javascript">
/* <![CDATA[ */
/*! This file is auto-generated */
!function(d,l){"use strict";l.querySelector&&d.addEventListener&&"undefined"!=typeof URL&&(d.wp=d.wp||{},d.wp.receiveEmbedMessage||(d.wp.receiveEmbedMessage=function(e){var t=e.data;if((t||t.secret||t.message||t.value)&&!/[^a-zA-Z0-9]/.test(t.secret)){for(var s,r,n,a=l.querySelectorAll('iframe[data-secret="'+t.secret+'"]'),o=l.querySelectorAll('blockquote[data-secret="'+t.secret+'"]'),c=new RegExp("^https?:$","i"),i=0;i<o.length;i++)o[i].style.display="none";for(i=0;i<a.length;i++)s=a[i],e.source===s.contentWindow&&(s.removeAttribute("style"),"height"===t.message?(1e3<(r=parseInt(t.value,10))?r=1e3:~~r<200&&(r=200),s.height=r):"link"===t.message&&(r=new URL(s.getAttribute("src")),n=new URL(t.value),c.test(n.protocol))&&n.host===r.host&&l.activeElement===s&&(d.top.location.href=t.value))}},d.addEventListener("message",d.wp.receiveEmbedMessage,!1),l.addEventListener("DOMContentLoaded",function(){for(var e,t,s=l.querySelectorAll("iframe.wp-embedded-content"),r=0;r<s.length;r++)(t=(e=s[r]).getAttribute("data-secret"))||(t=Math.random().toString(36).substring(2,12),e.src+="#?secret="+t,e.setAttribute("data-secret",t)),e.contentWindow.postMessage({message:"ready",secret:t},"*")},!1)))}(window,document);
/* ]]> */
</script>

Aujourd'hui paraît le nouveau roman du réalisateur Patrice Leconte. Après "Les femmes aux cheveux courts" (2009) et "Riva Bella" (2011), il publie son troisième, avec la poésie, la sensibilité et l'humour qui le caractérisent.
